{"id":108,"date":"2017-01-17T10:53:54","date_gmt":"2017-01-17T09:53:54","guid":{"rendered":"http:\/\/aaeir.eu\/?page_id=108"},"modified":"2017-01-17T19:25:30","modified_gmt":"2017-01-17T18:25:30","slug":"anciens-eleves","status":"publish","type":"page","link":"https:\/\/aaeir.eu\/index.php\/fr\/anciens-eleves\/","title":{"rendered":"Anciens \u00e9l\u00e8ves"},"content":{"rendered":"<p><img loading=\"lazy\" decoding=\"async\" class=\"alignnone size-large wp-image-145\" src=\"https:\/\/aaeir.eu\/wp-content\/uploads\/2017\/01\/playmobil-1766741_1920-1024x684.jpg\" alt=\"\" width=\"660\" height=\"441\" srcset=\"https:\/\/aaeir.eu\/wp-content\/uploads\/2017\/01\/playmobil-1766741_1920-1024x684.jpg 1024w, https:\/\/aaeir.eu\/wp-content\/uploads\/2017\/01\/playmobil-1766741_1920-300x200.jpg 300w, https:\/\/aaeir.eu\/wp-content\/uploads\/2017\/01\/playmobil-1766741_1920-768x513.jpg 768w, https:\/\/aaeir.eu\/wp-content\/uploads\/2017\/01\/playmobil-1766741_1920.jpg 1920w\" sizes=\"auto, (max-width: 660px) 100vw, 660px\" \/><\/p>\n<p>Que ce soit de la part de parents, d&rsquo;anciens ou de futurs \u00e9l\u00e8ves, nous recevons souvent des questions au sujet du parcours et du ressenti de personnes ayant \u00e9tudi\u00e9 en section internationale \u00e0 Reims.<\/p>\n<p>C&rsquo;est pourquoi nous avons r\u00e9alis\u00e9 un questionnaire au format Word \u00e0 l&rsquo;attention des anciens \u00e9l\u00e8ves, n&rsquo;h\u00e9sitez pas \u00e0 nous laisser une trace de votre exp\u00e9rience en section internationale !<\/p>\n<p><a href=\"https:\/\/aaeir.eu\/wp-content\/uploads\/2017\/01\/QUESTIONNAIRE-POUR-LES-ANCIENS-ELEVES-DE-LA-SECTION-INTERNATIONALE-BRITANNIQUE-DE-REIMS.docx\" target=\"_blank\">T\u00e9l\u00e9chargez ici le QUESTIONNAIRE.<\/a><\/p>\n<p>Nous alimenterons au fur et \u00e0 mesure cette section avec des t\u00e9moignages, des r\u00e9cits, des conseils de jeunes (et moins jeunes!) qui sont pass\u00e9s par la section internationale.<\/p>\n","protected":false},"excerpt":{"rendered":"<p>Que ce soit de la part de parents, d&rsquo;anciens ou de futurs \u00e9l\u00e8ves, nous recevons souvent des questions au sujet du parcours et du ressenti de personnes ayant \u00e9tudi\u00e9 en &hellip; <a href=\"https:\/\/aaeir.eu\/index.php\/fr\/anciens-eleves\/\" class=\"more-link\">Continuer la lecture de <span class=\"screen-reader-text\">Anciens \u00e9l\u00e8ves<\/span><\/a><\/p>\n","protected":false},"author":4,"featured_media":0,"parent":0,"menu_order":0,"comment_status":"closed","ping_status":"closed","template":"","meta":{"footnotes":""},"class_list":["post-108","page","type-page","status-publish","hentry"],"_links":{"self":[{"href":"https:\/\/aaeir.eu\/index.php\/wp-json\/wp\/v2\/pages\/108","targetHints":{"allow":["GET"]}}],"collection":[{"href":"https:\/\/aaeir.eu\/index.php\/wp-json\/wp\/v2\/pages"}],"about":[{"href":"https:\/\/aaeir.eu\/index.php\/wp-json\/wp\/v2\/types\/page"}],"author":[{"embeddable":true,"href":"https:\/\/aaeir.eu\/index.php\/wp-json\/wp\/v2\/users\/4"}],"replies":[{"embeddable":true,"href":"https:\/\/aaeir.eu\/index.php\/wp-json\/wp\/v2\/comments?post=108"}],"version-history":[{"count":3,"href":"https:\/\/aaeir.eu\/index.php\/wp-json\/wp\/v2\/pages\/108\/revisions"}],"predecessor-version":[{"id":146,"href":"https:\/\/aaeir.eu\/index.php\/wp-json\/wp\/v2\/pages\/108\/revisions\/146"}],"wp:attachment":[{"href":"https:\/\/aaeir.eu\/index.php\/wp-json\/wp\/v2\/media?parent=108"}],"curies":[{"name":"wp","href":"https:\/\/api.w.org\/{rel}","templated":true}]}}

Anciens élèves

<p><img loading="lazy" decoding="async" class="alignnone size-large wp-image-145" src="https://aaeir.eu/wp-content/uploads/2017/01/playmobil-1766741_1920-1024x684.jpg" alt="" width="660" height="441" srcset="https://aaeir.eu/wp-content/uploads/2017/01/playmobil-1766741_1920-1024x684.jpg 1024w, https://aaeir.eu/wp-content/uploads/2017/01/playmobil-1766741_1920-300x200.jpg 300w, https://aaeir.eu/wp-content/uploads/2017/01/playmobil-1766741_1920-768x513.jpg 768w, https://aaeir.eu/wp-content/uploads/2017/01/playmobil-1766741_1920.jpg 1920w" sizes="auto, (max-width: 660px) 100vw, 660px" /></p>
<p>Que ce soit de la part de parents, d&rsquo;anciens ou de futurs élèves, nous recevons souvent des questions au sujet du parcours et du ressenti de personnes ayant étudié en section internationale à Reims.</p>
<p>C&rsquo;est pourquoi nous avons réalisé un questionnaire au format Word à l&rsquo;attention des anciens élèves, n&rsquo;hésitez pas à nous laisser une trace de votre expérience en section internationale !</p>
<p><a href="https://aaeir.eu/wp-content/uploads/2017/01/QUESTIONNAIRE-POUR-LES-ANCIENS-ELEVES-DE-LA-SECTION-INTERNATIONALE-BRITANNIQUE-DE-REIMS.docx" target="_blank">Téléchargez ici le QUESTIONNAIRE.</a></p>
<p>Nous alimenterons au fur et à mesure cette section avec des témoignages, des récits, des conseils de jeunes (et moins jeunes!) qui sont passés par la section internationale.</p>

<p>Que ce soit de la part de parents, d&rsquo;anciens ou de futurs élèves, nous recevons souvent des questions au sujet du parcours et du ressenti de personnes ayant étudié en &hellip; <a href="https://aaeir.eu/index.php/fr/anciens-eleves/" class="more-link">Continuer la lecture de <span class="screen-reader-text">Anciens élèves</span></a></p>
