{"id":196,"date":"2017-02-05T18:11:23","date_gmt":"2017-02-05T17:11:23","guid":{"rendered":"http:\/\/aaeir.eu\/?page_id=196"},"modified":"2019-03-31T15:37:46","modified_gmt":"2019-03-31T13:37:46","slug":"the-international-section-wip","status":"publish","type":"page","link":"https:\/\/aaeir.eu\/index.php\/en\/the-international-section-wip\/","title":{"rendered":"The international section"},"content":{"rendered":"<p><strong>From CE2 to Terminale.<\/strong> International schooling from primaire to the baccalaur\u00e9at, directed at native English or French speakers alike.<br \/>\n<strong>Three schools<\/strong> host International classes :<\/p>\n<ul>\n<li>Starting from CE2, several subjects are taught in English<\/li>\n<li>History and geography are taught in English starting from 6\u00e8me<\/li>\n<li>Foreign literature enters the list of taught subjects in 6\u00e8me<\/li>\n<li>Trips and school exchanges with British and American schools<\/li>\n<\/ul>\n<h3><img loading=\"lazy\" decoding=\"async\" class=\"size-large wp-image-125 aligncenter\" src=\"https:\/\/aaeir.eu\/wp-content\/uploads\/2017\/01\/adriatique_02-1024x768.jpg\" alt=\"\" width=\"660\" height=\"495\" srcset=\"https:\/\/aaeir.eu\/wp-content\/uploads\/2017\/01\/adriatique_02-1024x768.jpg 1024w, https:\/\/aaeir.eu\/wp-content\/uploads\/2017\/01\/adriatique_02-300x225.jpg 300w, https:\/\/aaeir.eu\/wp-content\/uploads\/2017\/01\/adriatique_02-768x576.jpg 768w\" sizes=\"auto, (max-width: 660px) 100vw, 660px\" \/><\/h3>\n<h3>Primaire : Ecole Adriatique<\/h3>\n<p>3, rue de l\u2019Adriatique, 51100 REIMS<br \/>\nt\u00e9l. 03 26 85 14 94<br \/>\nce1695r@ac-reims.fr<\/p>\n<p>Number of pupils : 250 &#8211; 300<br \/>\nThe International Section: 3 teaching groups, about 26 pupils each : CE2, CM1, CM2<\/p>\n<p><em>Informations pratiques<\/em><br \/>\nClass times : Monday &#8211; Tuesday &#8211; Thursday &#8211; Friday, 8:30 AM to 11:30 AM &#8211; 1:30 PM to 4:30 PM.<br \/>\nPupils can stay at school after class until 5:45 PM : children are supervised by Reims educational workers and take part in educational games, board games, sports, cultural and artistic activities.<\/p>\n<h3><img loading=\"lazy\" decoding=\"async\" class=\"size-large wp-image-126 aligncenter\" src=\"https:\/\/aaeir.eu\/wp-content\/uploads\/2017\/01\/schuman_02-1024x768.jpg\" alt=\"\" width=\"660\" height=\"495\" srcset=\"https:\/\/aaeir.eu\/wp-content\/uploads\/2017\/01\/schuman_02-1024x768.jpg 1024w, https:\/\/aaeir.eu\/wp-content\/uploads\/2017\/01\/schuman_02-300x225.jpg 300w, https:\/\/aaeir.eu\/wp-content\/uploads\/2017\/01\/schuman_02-768x576.jpg 768w\" sizes=\"auto, (max-width: 660px) 100vw, 660px\" \/><\/h3>\n<h3>Coll\u00e8ge : Coll\u00e8ge Robert Schuman<\/h3>\n<p>1, rue Bertrand de Mun, BP 4, 51673 REIMS Cedex 2<br \/>\nT\u00e9l. : 03 26 07 03 58<br \/>\nce.0511085c@ac-reims.fr<\/p>\n<p>Number of pupils : 600<br \/>\nThe International Section : One teaching group (25-30 pupils each) per level<\/p>\n<p>Class days and times : Monday, Tuesday, Wednesday morning, Thursday, Friday. Around 30 hours. Classes are given from 8:00 AM to noon and from 1:30 PM to 5:30 PM.<br \/>\nCatering and boarding school.<br \/>\nOther expenses (school trips, books&#8230;) : 300 &#8211; 750 euros, depending on the year.<br \/>\nAfter lunch, pupils can take part in sports or cultural activities.<\/p>\n<p>School trips to London, matching the history and literature class progressions (5\u00e8me and 3\u00e8me) and to the US (4\u00e8me).<\/p>\n<h3><img loading=\"lazy\" decoding=\"async\" class=\"size-large wp-image-127 aligncenter\" src=\"https:\/\/aaeir.eu\/wp-content\/uploads\/2017\/01\/chagall_01-1024x768.jpg\" alt=\"\" width=\"660\" height=\"495\" srcset=\"https:\/\/aaeir.eu\/wp-content\/uploads\/2017\/01\/chagall_01-1024x768.jpg 1024w, https:\/\/aaeir.eu\/wp-content\/uploads\/2017\/01\/chagall_01-300x225.jpg 300w, https:\/\/aaeir.eu\/wp-content\/uploads\/2017\/01\/chagall_01-768x576.jpg 768w\" sizes=\"auto, (max-width: 660px) 100vw, 660px\" \/><\/h3>\n<h3>Lyc\u00e9e : Lyc\u00e9e Marc Chagall<\/h3>\n<p>60, chauss\u00e9e St Martin, 51100 REIMS<br \/>\nt\u00e9l. : 03 26 82 15 95<br \/>\nce.0511926S@ac-reims.fr<\/p>\n<p>Number of students : about 1000<br \/>\nThe International Section : 90 &#8211; 100 students, from Seconde to Terminale.<\/p>\n<p>Class days and times : Monday, Tuesday, Wednesday, Thursday, Friday, Saturday. Four hours of foreign literature on Wednesday afternoons. History and geography are taught in English.<br \/>\nCatering and boarding school.<\/p>\n<p>School trip to London in Seconde. One week in Stratford-upon-Avon in Premi\u00e8re. Several trips to London to attend Shakespeare plays at the Globe.<\/p>\n<p><span style=\"border-radius: 2px; text-indent: 20px; width: auto; padding: 0px 4px 0px 0px; text-align: center; font: bold 11px\/20px 'Helvetica Neue',Helvetica,sans-serif; color: #ffffff; background: #bd081c no-repeat scroll 3px 50% \/ 14px 14px; position: absolute; opacity: 1; z-index: 8675309; display: none; cursor: pointer; top: 3121px; left: 50px;\">Enregistrer<\/span><\/p>\n<p><span style=\"border-radius: 2px; text-indent: 20px; width: auto; padding: 0px 4px 0px 0px; text-align: center; font: bold 11px\/20px 'Helvetica Neue',Helvetica,sans-serif; color: #ffffff; background: #bd081c no-repeat scroll 3px 50% \/ 14px 14px; position: absolute; opacity: 1; z-index: 8675309; display: none; cursor: pointer; top: 311px; left: 50px;\">Enregistrer<\/span><\/p>\n<p><span style=\"border-radius: 2px; text-indent: 20px; width: auto; padding: 0px 4px 0px 0px; text-align: center; font: bold 11px\/20px 'Helvetica Neue',Helvetica,sans-serif; color: #ffffff; background: #bd081c no-repeat scroll 3px 50% \/ 14px 14px; position: absolute; opacity: 1; z-index: 8675309; display: none; cursor: pointer; top: 2477px; left: 50px;\">Enregistrer<\/span><\/p>\n<p><span style=\"border-radius: 2px; text-indent: 20px; width: auto; padding: 0px 4px 0px 0px; text-align: center; font: bold 11px\/20px 'Helvetica Neue',Helvetica,sans-serif; color: #ffffff; background: #bd081c no-repeat scroll 3px 50% \/ 14px 14px; position: absolute; opacity: 1; z-index: 8675309; display: none; cursor: pointer; top: 311px; left: 50px;\">Enregistrer<\/span><\/p>\n","protected":false},"excerpt":{"rendered":"<p>From CE2 to Terminale. International schooling from primaire to the baccalaur\u00e9at, directed at native English or French speakers alike. Three schools host International classes : Starting from CE2, several subjects &hellip; <a href=\"https:\/\/aaeir.eu\/index.php\/en\/the-international-section-wip\/\" class=\"more-link\">Continuer la lecture de <span class=\"screen-reader-text\">The international section<\/span><\/a><\/p>\n","protected":false},"author":4,"featured_media":0,"parent":0,"menu_order":0,"comment_status":"closed","ping_status":"closed","template":"","meta":{"footnotes":""},"class_list":["post-196","page","type-page","status-publish","hentry"],"_links":{"self":[{"href":"https:\/\/aaeir.eu\/index.php\/wp-json\/wp\/v2\/pages\/196","targetHints":{"allow":["GET"]}}],"collection":[{"href":"https:\/\/aaeir.eu\/index.php\/wp-json\/wp\/v2\/pages"}],"about":[{"href":"https:\/\/aaeir.eu\/index.php\/wp-json\/wp\/v2\/types\/page"}],"author":[{"embeddable":true,"href":"https:\/\/aaeir.eu\/index.php\/wp-json\/wp\/v2\/users\/4"}],"replies":[{"embeddable":true,"href":"https:\/\/aaeir.eu\/index.php\/wp-json\/wp\/v2\/comments?post=196"}],"version-history":[{"count":7,"href":"https:\/\/aaeir.eu\/index.php\/wp-json\/wp\/v2\/pages\/196\/revisions"}],"predecessor-version":[{"id":280,"href":"https:\/\/aaeir.eu\/index.php\/wp-json\/wp\/v2\/pages\/196\/revisions\/280"}],"wp:attachment":[{"href":"https:\/\/aaeir.eu\/index.php\/wp-json\/wp\/v2\/media?parent=196"}],"curies":[{"name":"wp","href":"https:\/\/api.w.org\/{rel}","templated":true}]}}