{"id":65,"date":"2017-01-16T20:08:24","date_gmt":"2017-01-16T19:08:24","guid":{"rendered":"http:\/\/aaeir.eu\/?page_id=65"},"modified":"2025-11-12T02:33:33","modified_gmt":"2025-11-12T01:33:33","slug":"le-conseil-dadministration","status":"publish","type":"page","link":"https:\/\/aaeir.eu\/index.php\/fr\/presentation-association\/le-conseil-dadministration\/","title":{"rendered":"Le conseil d&rsquo;administration"},"content":{"rendered":"\n<figure class=\"wp-block-image\"><img loading=\"lazy\" decoding=\"async\" width=\"1024\" height=\"683\" src=\"https:\/\/aaeir.eu\/wp-content\/uploads\/2017\/01\/adult-1868015_1920-1024x683.jpg\" alt=\"\" class=\"wp-image-155\" srcset=\"https:\/\/aaeir.eu\/wp-content\/uploads\/2017\/01\/adult-1868015_1920-1024x683.jpg 1024w, https:\/\/aaeir.eu\/wp-content\/uploads\/2017\/01\/adult-1868015_1920-300x200.jpg 300w, https:\/\/aaeir.eu\/wp-content\/uploads\/2017\/01\/adult-1868015_1920-768x512.jpg 768w, https:\/\/aaeir.eu\/wp-content\/uploads\/2017\/01\/adult-1868015_1920.jpg 1920w\" sizes=\"auto, (max-width: 1024px) 100vw, 1024px\" \/><\/figure>\n\n\n\n<p><\/p>\n\n\n\n<p>Les membres du conseil d\u2019administration, au nombre de 16, sont \u00e9lus pour 3 ans.<\/p>\n\n\n\n<p>Pr\u00e9sidente : Alina Ardovan (<a href=\"mailto:corinne.peran@wanadoo.fr\">presidente@aaeir.eu<\/a>)<\/p>\n\n\n\n<p>Tr\u00e9sori\u00e8re : Claire Usubelli (<a href=\"mailto:bastie.usubelli@free.fr\">tresoriere@aaeir.eu<\/a>)<\/p>\n\n\n\n<p>Secr\u00e9taire : Cendrine Abry (<a href=\"mailto:sandrine_milosevic@orange.fr\">secretaire@aaeir.eu<\/a>)<\/p>\n","protected":false},"excerpt":{"rendered":"<p>Les membres du conseil d\u2019administration, au nombre de 16, sont \u00e9lus pour 3 ans. Pr\u00e9sidente : Alina Ardovan (presidente@aaeir.eu) Tr\u00e9sori\u00e8re : Claire Usubelli (tresoriere@aaeir.eu) Secr\u00e9taire : Cendrine Abry (secretaire@aaeir.eu)<\/p>\n","protected":false},"author":4,"featured_media":0,"parent":8,"menu_order":0,"comment_status":"closed","ping_status":"closed","template":"","meta":{"footnotes":""},"class_list":["post-65","page","type-page","status-publish","hentry"],"_links":{"self":[{"href":"https:\/\/aaeir.eu\/index.php\/wp-json\/wp\/v2\/pages\/65","targetHints":{"allow":["GET"]}}],"collection":[{"href":"https:\/\/aaeir.eu\/index.php\/wp-json\/wp\/v2\/pages"}],"about":[{"href":"https:\/\/aaeir.eu\/index.php\/wp-json\/wp\/v2\/types\/page"}],"author":[{"embeddable":true,"href":"https:\/\/aaeir.eu\/index.php\/wp-json\/wp\/v2\/users\/4"}],"replies":[{"embeddable":true,"href":"https:\/\/aaeir.eu\/index.php\/wp-json\/wp\/v2\/comments?post=65"}],"version-history":[{"count":6,"href":"https:\/\/aaeir.eu\/index.php\/wp-json\/wp\/v2\/pages\/65\/revisions"}],"predecessor-version":[{"id":635,"href":"https:\/\/aaeir.eu\/index.php\/wp-json\/wp\/v2\/pages\/65\/revisions\/635"}],"up":[{"embeddable":true,"href":"https:\/\/aaeir.eu\/index.php\/wp-json\/wp\/v2\/pages\/8"}],"wp:attachment":[{"href":"https:\/\/aaeir.eu\/index.php\/wp-json\/wp\/v2\/media?parent=65"}],"curies":[{"name":"wp","href":"https:\/\/api.w.org\/{rel}","templated":true}]}}