{"id":70,"date":"2017-01-16T20:10:05","date_gmt":"2017-01-16T19:10:05","guid":{"rendered":"http:\/\/aaeir.eu\/?page_id=70"},"modified":"2025-11-11T18:33:08","modified_gmt":"2025-11-11T17:33:08","slug":"adhesion","status":"publish","type":"page","link":"https:\/\/aaeir.eu\/index.php\/fr\/adhesion\/","title":{"rendered":"Adh\u00e9sion"},"content":{"rendered":"<p style=\"text-align: left;\">L\u2019adh\u00e9sion est de 22 \u20ac par famille et par an.<br class=\"autobr\" \/>Celle-ci vous permet de b\u00e9n\u00e9ficier de tarifs r\u00e9duits sur certaines activit\u00e9s (Sortie Pantomime et th\u00e9\u00e2tre en Anglais), et aussi de pouvoir organiser nos manifestations.<\/p>\r\n<p style=\"text-align: left;\">Pour adh\u00e9rer \u00e0 l\u2019association, l&rsquo;inscription et le paiement se fait en ligne sur le site HelloAsso<a href=\"https:\/\/www.helloasso.com\/associations\/les-amis-de-l-enseignement-international-de-reims\/adhesions\/adhesion-2024-2025\">.<\/a><\/p>\r\n\r\n\t\t\t<iframe\n\t\t\t\tid=\"idIframe\"\n\t\t\t\tsrc=\"https:\/\/www.helloasso.com\/associations\/les-amis-de-l-enseignement-international-de-reims\/adhesions\/aaeir-adhesion-2025-2026\/widget-bouton\"\n\t\t\t\theight=70px\"\t\t\t\twidth=200px\"\t\t\t\tframeborder=\"0\"\n\t\t\t\tloading=\"lazy\"\n\t\t\t\tallowtransparency=\"true\"\n\t\t\t\tonload=\"resizeIframeMessage()\"><\/iframe>\n\r\n","protected":false},"excerpt":{"rendered":"<p>L\u2019adh\u00e9sion est de 22 \u20ac par famille et par an.Celle-ci vous permet de b\u00e9n\u00e9ficier de tarifs r\u00e9duits sur certaines activit\u00e9s (Sortie Pantomime et th\u00e9\u00e2tre en Anglais), et aussi de pouvoir &hellip; <a href=\"https:\/\/aaeir.eu\/index.php\/fr\/adhesion\/\" class=\"more-link\">Continuer la lecture de <span class=\"screen-reader-text\">Adh\u00e9sion<\/span><\/a><\/p>\n","protected":false},"author":4,"featured_media":0,"parent":0,"menu_order":0,"comment_status":"closed","ping_status":"closed","template":"","meta":{"footnotes":""},"class_list":["post-70","page","type-page","status-publish","hentry"],"_links":{"self":[{"href":"https:\/\/aaeir.eu\/index.php\/wp-json\/wp\/v2\/pages\/70","targetHints":{"allow":["GET"]}}],"collection":[{"href":"https:\/\/aaeir.eu\/index.php\/wp-json\/wp\/v2\/pages"}],"about":[{"href":"https:\/\/aaeir.eu\/index.php\/wp-json\/wp\/v2\/types\/page"}],"author":[{"embeddable":true,"href":"https:\/\/aaeir.eu\/index.php\/wp-json\/wp\/v2\/users\/4"}],"replies":[{"embeddable":true,"href":"https:\/\/aaeir.eu\/index.php\/wp-json\/wp\/v2\/comments?post=70"}],"version-history":[{"count":12,"href":"https:\/\/aaeir.eu\/index.php\/wp-json\/wp\/v2\/pages\/70\/revisions"}],"predecessor-version":[{"id":554,"href":"https:\/\/aaeir.eu\/index.php\/wp-json\/wp\/v2\/pages\/70\/revisions\/554"}],"wp:attachment":[{"href":"https:\/\/aaeir.eu\/index.php\/wp-json\/wp\/v2\/media?parent=70"}],"curies":[{"name":"wp","href":"https:\/\/api.w.org\/{rel}","templated":true}]}}